{"id":795,"date":"2021-03-06T08:57:14","date_gmt":"2021-03-06T07:57:14","guid":{"rendered":"https:\/\/abrams.nu\/halsa\/?page_id=795"},"modified":"2021-05-03T18:38:09","modified_gmt":"2021-05-03T17:38:09","slug":"hur-tar-man-hallbara-beslut","status":"publish","type":"page","link":"https:\/\/abrams.nu\/halsa\/psykologiskt\/hur-tar-man-hallbara-beslut\/","title":{"rendered":"Hur tar man h\u00e5llbara beslut?"},"content":{"rendered":"<p><img data-recalc-dims=\"1\" loading=\"lazy\" decoding=\"async\" class=\" wp-image-798 alignleft\" src=\"https:\/\/i0.wp.com\/abrams.nu\/halsa\/wp-content\/uploads\/2021\/03\/37f6115bf098457d2ac860e5acc5fc23.jpg?resize=578%2C289&#038;ssl=1\" alt=\"\" width=\"578\" height=\"289\" srcset=\"https:\/\/i0.wp.com\/abrams.nu\/halsa\/wp-content\/uploads\/2021\/03\/37f6115bf098457d2ac860e5acc5fc23.jpg?resize=300%2C150&amp;ssl=1 300w, https:\/\/i0.wp.com\/abrams.nu\/halsa\/wp-content\/uploads\/2021\/03\/37f6115bf098457d2ac860e5acc5fc23.jpg?w=473&amp;ssl=1 473w\" sizes=\"auto, (max-width: 578px) 100vw, 578px\" \/>Det f\u00f6rsta steget f\u00f6r att s\u00e4tta ig\u00e5ng en sj\u00e4lvvald\u00a0 f\u00f6r\u00e4ndring \u00e4r att best\u00e4mma sig f\u00f6r det &#8211; att fatta ett beslut (1). Om det \u00e4r n\u00e5got kr\u00e4vande man ska g\u00f6ra s\u00e5 t\u00e4nker man sig l\u00e4tt att det kr\u00e4vs ett kraftfullt beslut &#8211; ett som man lyckas l\u00e4gga stor kraft bakom, s\u00e5 att man kommer igenom det motst\u00e5nd som kanske finns.<\/p>\n<p>Men redan h\u00e4r b\u00f6rjar problemen. Sj\u00e4lva ordet &#8220;kraft&#8221; frammanar bilden av fysisk kraft och man leds att tro att det g\u00e4ller att ta sats p\u00e5 ett s\u00e4tt som liknar en fysisk ansats, t ex en s\u00e5n man g\u00f6r innan man g\u00f6r ett l\u00e4ngdhopp. Mant t\u00e4nker sig att det skulle finnas n\u00e5n v\u00e4sentlig likhet mellan hur man kan peppa sig inf\u00f6r ett s\u00e5nt hopp och hur man best\u00e4mmer sig f\u00f6r att f\u00f6r\u00e4ndra en inrotad vana. Alla har nog sett hur l\u00e4ng- och h\u00f6jdhoppare g\u00f6r innan de ger sig p\u00e5 hoppet. En del har ritualer f\u00f6r sig, ropar eller rabblar ord, hoppar upp och ner eller g\u00f6r annat fysiskt f\u00f6r att liksom f\u00e5 kroppen och k\u00e4nslorna fokuserade inf\u00f6r anstr\u00e4ngningen och den kraft som de beh\u00f6ver mobilisera.<\/p>\n<p>Och det \u00e4r p\u00e5 ett liknande s\u00e4tt vi pratar om andra beslut; vi beskriver dem som &#8220;starka&#8221; eller &#8220;kraftfulla&#8221;. Och n\u00e4r man sen ska best\u00e4mma sig f\u00f6r att sluta r\u00f6ka eller b\u00f6rja tr\u00e4na, s\u00e5 beter man sig ungef\u00e4r som n\u00e5gon som samlar kraft f\u00f6r att g\u00f6ra ett hopp. Man peppar signsj\u00e4lv med glada tillrop, man talar om f\u00f6r andra att man ska g\u00f6ra det, kanske basunerar ut det p\u00e5 facebook. Man kanske ocks\u00e5 s\u00e4tter ig\u00e5ng sitt projekt tillsammans med n\u00e5gon annan, det \u00e4r ju ett vanligt r\u00e5d man hittar om man googla, r\u00e5det att g\u00f6ra saker i grupp f\u00f6r att det ska g\u00e5 l\u00e4ttare<\/p>\n<p>Man har ocks\u00e5 en intre bild av det <em>motst\u00e5nd<\/em> som man v\u00e4ntar sig att m\u00f6ta. Man \u00e4r beredd p\u00e5 att det kommer att bli sv\u00e5rt och jobbigt. Man ser hindret framf\u00f6r sig i sitt inre och f\u00f6rest\u00e4ller sig stt man m\u00e5ste n\u00e4rma sig det med kraft och energi f\u00f6r att det ska ge vika. De flesta m\u00e4nniskor beter sig d\u00e4rf\u00f6r som om de drar p\u00e5 en st\u00f6rthj\u00e4lm och springer sen fort med huvudet rakt mot v\u00e4ggen med en from f\u00f6rhoppning om att det \u00e4r v\u00e4ggen som kommer att ge vika och inte skallen. F\u00f6r om man uppb\u00e5da tillr\u00e4ckligt mycket kraft s\u00e5 kommer man kanske igenom, f\u00f6ret\u00e4ller an sig. Kanske det g\u00e5r b\u00e4ttre den h\u00e4r g\u00e5ngen \u00e4n det gjorde f\u00f6rra g\u00e5ngen?<\/p>\n<p>P\u00e5 det h\u00e4r s\u00e4ttet kan man f\u00f6rs\u00f6ka sluta eller b\u00f6rja med den ena eller andra vanan g\u00e5ng p\u00e5 g\u00e5ng. Man f\u00e5r ont i huvudet av sm\u00e4llen varje g\u00e5ng, men n\u00e4r det g\u00e5tt \u00f6ver kan man vara beredd att g\u00f6ra ett nytt f\u00f6rs\u00f6k &#8211; p\u00e5 samma s\u00e4tt.<br \/>\nDe flesta vardagliga beslut \u00e4r dock bara halvsv\u00e5ra, vi vet ganska bra vad vi vill och det blir ungef\u00e4r soms vi t\u00e4nkt. Andra beslut andra verkar lida av n\u00e5gon brist som g\u00f6r att de inte bli mer \u00e4n ord. Man best\u00e4mde sig f\u00f6r att g\u00f6ra det, men det blev inte s\u00e5 \u00e4nd\u00e5, i alla fall inte fullt ut.<\/p>\n<h3>H\u00e5llbara beslut har god kvalitet<\/h3>\n<p>Ett h\u00e5llbart beslut \u00e4r ett som har effekt i handling \u00e4nda fram tills m\u00e5let \u00e4r uppn\u00e5tt. Det f\u00f6ruts\u00e4tter att den som beslutet g\u00e4ller respekterar det och r\u00e4ttar sitt beteende efter det. Ett beslut om att f\u00f6r\u00e4ndra en vana g\u00e4ller \u00e4r ju en sj\u00e4lv, s\u00e5 det borde ju g\u00e5 att skapa efterlevnad till ett s\u00e5nt beslut kan man tycka.<\/p>\n<p>Ett av de grundproblem \u00e4r att det \u00e4r l\u00e4tt att missf\u00f6rst\u00e5 vad som k\u00e4nnetecknar beslut som \u00e4r h\u00e5llabara. Vilka egenskaper har beslut som forts\u00e4tter att styra ens dagliga handlingar trots att det finns motst\u00e5nd och distraktioner som vill knuffa en i andra riktningar?<\/p>\n<p><img data-recalc-dims=\"1\" loading=\"lazy\" decoding=\"async\" class=\" wp-image-800 alignright\" src=\"https:\/\/i0.wp.com\/abrams.nu\/halsa\/wp-content\/uploads\/2021\/03\/Skarmklipp3.jpg?resize=514%2C329&#038;ssl=1\" alt=\"\" width=\"514\" height=\"329\" srcset=\"https:\/\/i0.wp.com\/abrams.nu\/halsa\/wp-content\/uploads\/2021\/03\/Skarmklipp3.jpg?resize=300%2C192&amp;ssl=1 300w, https:\/\/i0.wp.com\/abrams.nu\/halsa\/wp-content\/uploads\/2021\/03\/Skarmklipp3.jpg?w=674&amp;ssl=1 674w\" sizes=\"auto, (max-width: 514px) 100vw, 514px\" \/>H\u00e5llbara beslut har framf\u00f6r allt vissa <a href=\"https:\/\/sv.wikipedia.org\/wiki\/Kvalitet\" target=\"_blank\" rel=\"noopener\">kvaliteter<\/a>. Men vi t\u00e4nker l\u00e4tt p\u00e5 det som att det handlar om <a href=\"https:\/\/sv.wikipedia.org\/wiki\/Kvantitet\" target=\"_blank\" rel=\"noopener\">kvantitet<\/a> &#8211; att det kr\u00e4vs tillr\u00e4cklig m\u00e4ngd kraft ellr styrka f\u00f6r att beslutet ska bli h\u00e5llbart. D\u00e4rf\u00f6r peppar man sig med energi och f\u00f6rs\u00f6ker skapa ett visstk\u00e4nslol\u00e4ge, och s\u00e5 kallar man det f\u00f6r motivation, i tror att det \u00e4r det man har d\u00e5.<br \/>\nI st\u00e4llet borde man ta n\u00e5gra djupa andetag och t\u00e4nka igenom vad det \u00e4r man h\u00e5ller p\u00e5 med och vad det \u00e4r man ska g\u00f6ra i st\u00e4llet. L\u00e5ta bilden bli klar framf\u00f6r sig och se om man kan f\u00e5 det att l\u00e5gm\u00e4lt s\u00e4ga &#8220;klick&#8221; f\u00f6r att man faktiskt \u00e4r beredd p\u00e5 det nya.<\/p>\n<p>En kvantitet \u00e4r en m\u00e4ngd av n\u00e5got, medan en kvalitet \u00e4r en egenskap &#8211; hurudanhet. &#8220;Hurudant \u00e4r beslutet?&#8221; \u00e4r den viktiga fr\u00e5gan inte hur mycket det finns utav det.<br \/>\nEnkelt uttryckt: Det du beh\u00f6ver f\u00f6r att fatta ett h\u00e5llbart beslut \u00e4r inte en viss m\u00e4ngd sj\u00e4lvpeppning, ett visst k\u00e4nslol\u00e4ge eller socialt st\u00f6d. Hur g\u00e4rna du vill uppn\u00e5 f\u00f6r\u00e4ndringen spelar ingen stor roll. det finns m\u00e5nga saker man g\u00e4rna vill och som man \u00e4nd\u00e5 misslyckas med att uppn\u00e5.<\/p>\n<p>Det \u00e4r inget direkt fel med vare sig peppning eller s\u00e4llskap, tv\u00e4rt om kan det underl\u00e4tta. Men man ska inte tro att det \u00e4r det som \u00e4r det avg\u00f6rande f\u00f6r om man kommer att h\u00e5lla sig till planen. F\u00f6r vad g\u00f6r man den dag man inte k\u00e4nner sig peppad eller n\u00e4r en tr\u00e4ningskompis inte har lust att forts\u00e4tta l\u00e4ngre?<\/p>\n<h3>Man m\u00e5ste inte ha ett m\u00e5l<\/h3>\n<p>Det du beh\u00f6ver g\u00f6ra \u00e4r att hitta en ing\u00e5ng till att t\u00e4nka p\u00e5 den den f\u00f6r\u00e4ndring du planerar att g\u00f6ra, s\u00e5 att du kommer p\u00e5 r\u00e4tt sp\u00e5r. Det \u00e4r det sp\u00e5r d\u00e4r det l\u00e5gm\u00e4lda klicket \u00e4r n\u00e4rvarande. Notera ordet &#8220;planerar&#8221;, det finns en skillnad mellan att vilja n\u00e5got och att planera f\u00f6r det. Det \u00e4r olika bilder man ser framf\u00f6r sig i sitt inre n\u00e4r man har en \u00f6nskan och n\u00e4r man har en plan.<\/p>\n<p>N\u00e4r man \u00f6nskar n\u00e5got ser man resultatet framf\u00f6r sig och k\u00e4nner hur g\u00e4rna man skulle vilja ha det. Men n\u00e4r man planerar n\u00e5got s\u00e5 ser man ocks\u00e5 v\u00e4gen framf\u00f6r sig, man visualiserar vad man ska g\u00f6ra och hur det skulle kunna g\u00e5 till. D\u00e4remot \u00e4r det inte s\u00e4kert att man har en klar bild av m\u00e5let. Men det kan g\u00e5 bra \u00e4nd\u00e5, \u00e4ven om m\u00e5let \u00e4r vagt eller provisoriskt och g\u00e4ller till vidare.<br \/>\nOm det \u00e4r n\u00e5got r\u00e5d man ofta st\u00f6ter p\u00e5 s\u00e5 \u00e4r det att &#8220;du m\u00e5ste ha ett m\u00e5l&#8221;. Som om det vore det viktiga att man vet exakt vart man \u00e4r p\u00e5 v\u00e4g. Men s\u00e5 fungerar det inte alltid i verkligheten, Snarare \u00e4r det riktningen som \u00e4r viktig, och s\u00e5 f\u00e5r man se hur l\u00e5ngt p\u00e5 v\u00e4gen man i slut\u00e4nden tar sig. Det \u00e4r mer realistiskt.<\/p>\n<p>N\u00e4r man planerar att g\u00e5 ner i vikt s\u00e5 \u00e4r det s\u00e5klart inte fel att s\u00e4tta upp en m\u00e5lvikt och l\u00e5ta sig inspireras av den. Men det finns ingen som vet om det \u00e4r p\u00e5 den man kommer att sluta, f\u00f6r mycket han h\u00e4nda p\u00e5 v\u00e4gen. Hur man t\u00e4nker och k\u00e4nner &#8211; och vad kroppen sj\u00e4lv s\u00e4ger &#8211; n\u00e4r man kommit halvv\u00e4gs till m\u00e5lvikten vet man inte. S\u00e5 hur man \u00e4n g\u00f6r blir en s\u00e5n siffra inte s\u00e5 viktig. D\u00e5 \u00e4r det b\u00e4ttre och mer realistiskt att ha en en hel m\u00e5lbild som \u00e4r lite luddigare i konturerna.<\/p>\n<h3>Hur k\u00e4nner man igen kvalitativt, h\u00e5llbara beslut?<\/h3>\n<p>Svaret p\u00e5 den fr\u00e5gan kan nog varier mycket fr\u00e5n person till person. Jag kan bara utg\u00e5 hur det varit f\u00f6r mig de g\u00e5nger jag gjort st\u00f6rre livsstilsf\u00f6r\u00e4ndringar. Men jag vet att jag inte \u00e4r ensam om erfarenheterna, bara att det kan se lite olika ut f\u00f6r oss alla.<\/p>\n<p>Kvalitativt h\u00e5llbara beslut har n\u00e5gra elelr flera av de h\u00e4r k\u00e4nnetecknen:<\/p>\n<ul>\n<li>Man har tilltro till sin egen f\u00f6rm\u00e5ga att g\u00f6ra val. Man inser att man faktiskt kan styra \u00f6ver sina egna handlingar.<\/li>\n<li>Man k\u00e4nner sig lugn med tanken, inte uppjagad.<\/li>\n<li>Man \u00e4r f\u00f6rvissad om att man kan och kommer att genomf\u00f6ra det.<\/li>\n<li>Man \u00e4r inte beroende av vad andra m\u00e4nniskor tycker om saken. F\u00f6r\u00e4ndringen kommer inifr\u00e5n.<\/li>\n<li>Man kan visualisera hur det ska g\u00e5 till att genomf\u00f6ra de handlingar som beh\u00f6vs och ser scenariot framf\u00f6r sig.<\/li>\n<li>Man st\u00e4ller andra fr\u00e5gor till sig sj\u00e4lv n\u00e4r man t\u00e4nker p\u00e5 saken &#8211; s\u00e5na som f\u00f6ruts\u00e4tter att man kommer att genomf\u00f6ra det. Fr\u00e5gorna handar om den nya vanan.<\/li>\n<li>N\u00e4r man sen genomf\u00f6r det nya och agerar p\u00e5 ett nytt s\u00e4tt s\u00e5 \u00e4r det h\u00e5llbart. D\u00e5 skulle man med r\u00e4tta kunna anv\u00e4nda ordet kraft eller styrka. I st\u00e4llet f\u00f6r att springa mot ett motst\u00e5nd som sl\u00e5r tillbaka mot en s\u00e5 k\u00e4nns de dagliga valen sj\u00e4lvklara. Det liknar mer att sk\u00e4ra i varmt sm\u00f6r \u00e4n att springa mot en v\u00e4gg.<\/li>\n<\/ul>\n<p>Det h\u00e4r inneb\u00e4r att man migrerar till en ny kognitiv milj\u00f6 i sitt inre, d\u00e4r den ena komponenten i den nya milj\u00f6n f\u00f6rst\u00e4rker den andra. Man ser nya saker framf\u00f6r sig, anv\u00e4nder andra ord f\u00f6r att t\u00e4nka p\u00e5 det och beskriva det f\u00f6r andra och man k\u00e4nner annorlunda inf\u00f6r f\u00f6r\u00e4ndringen.<\/p>\n<p>Och hur g\u00f6r man f\u00f6r att t\u00e4nka och k\u00e4nna enligt den beskrivningen? Ja du l\u00e4ser ju just nu om att det \u00e4r m\u00f6jligt att att g\u00f6ra det. Bara det \u00f6kar chansen f\u00f6r att det ska ske. Och umg\u00e5s man med de h\u00e4r m\u00f6jligheterna i sina tankar s\u00e5 v\u00e4xer de till sig. Sannolikheten \u00f6kar dramatiskt j\u00e4mf\u00f6rt med om man inte t\u00e4nker sig stt det kan vara m\u00f6jligt. Det \u00e4r den input man ger tankarna som avg\u00f6r, och den saken kan man p\u00e5verka en hel del.<\/p>\n<p>Du kan s\u00e4kert t\u00e4nka tillbaka p\u00e5 n\u00e5got tillf\u00e4lle i livet d\u00e5 du varit med om n\u00e5got liknande. N\u00e4r du hade best\u00e4mt dig och hade en stillsam f\u00f6rvissning om att du kommer att g\u00f6ra det, med eller utan peppning eller glada tillrop. Du kanske gjorde f\u00f6r\u00e4ndringen, men kom inte ens ih\u00e5g att skriva om den p\u00e5 facebook, f\u00f6r den k\u00e4ndes inte s\u00e5 dramatisk. Jag tror att alla har \u00e5tminsone n\u00e5gon s\u00e5n erfarenhet. \u00c4ven om det var n\u00e5gon mindre f\u00f6r\u00e4ndring du best\u00e4mde dig f\u00f6r s\u00e5 var den ett exempel p\u00e5 ett kvalitativt h\u00e5llbart beslut, ifall du lyckades genomf\u00f6ra den.<\/p>\n<h3>N\u00e4r \u00e4r det dags?<\/h3>\n<p>Jag tror att det finns m\u00e5nga utmaningar d\u00e4r man k\u00e4nner sig tveh\u00e5gsen, men d\u00e4r man egentligen \u00e4r redo f\u00f6r f\u00f6r\u00e4ndring, om man v\u00e4ljer att v\u00e4lja det. F\u00f6r s\u00e5 kan det se ut: Man kan beh\u00f6va v\u00e4lja att v\u00e4lja en sak.<\/p>\n<p>Men det finns ocks\u00e5 en mer sv\u00e5rf\u00e5ngad sida av saken. \u00c4ven om det alltid \u00e4r r\u00e4tt tid f\u00f6r f\u00f6rb\u00e4ttring, s\u00e5 finns beslut som beh\u00f6ver mogna fram f\u00f6r att man ska f\u00f6rm\u00e5 fatta dem. \u00c4r man inte mogen f\u00f6r ett beslut s\u00e5 m\u00e4rker man det p\u00e5 att man inte \u00e4r beredd att ge det ett f\u00f6rs\u00f6k &#8211; drivkraften tycks inte r\u00e4cka till. Man kanske \u00e4r positivt inst\u00e4lld till en f\u00f6r\u00e4ndring men tror inte att man skulle lyckas.<br \/>\nKanske k\u00e4nner man sig os\u00e4ker p\u00e5 hur man egentigen skulle g\u00e5 till v\u00e4ga.<\/p>\n<p>Jag har gjort f\u00f6r\u00e4ndringar som f\u00f6rst beh\u00f6vde mogna under r\u00e4tt l\u00e5ng tid. Som att sluta r\u00f6ka till exempel. Men n\u00e4r jag var redo f\u00f6r ett kvalitativt h\u00e5llbart beslut s\u00e5 var det egentligen bara att genomf\u00f6ra det. D\u00e5 k\u00e4nns det som att man <em>vet<\/em> att man klarar det. D\u00e5 man inser att man faktiskt styr \u00f6ver sina handlingar, s\u00e5 kan man h\u00f6ra det svaga klicket av att tankarna l\u00e4gger sig p\u00e5 plats och man ser v\u00e4gen framf\u00f6r sig.<\/p>\n<p>Ut\u00f6ver det h\u00e4r s\u00e5 finns det inte s\u00e5 mycket mer jag kan skriva f\u00f6r att g\u00f6ra saken b\u00e4ttre tror jag. Det \u00e4r praktik mer \u00e4n teori.<br \/>\nS\u00e5 var befinner du dig i processen &#8211; kan det h\u00e4nda att det \u00e4r dags?<\/p>\n<h3>Sammanfattning<\/h3>\n<ul>\n<li>Beslut som h\u00e5ller har kvaliteter och \u00e4r n\u00e5gonting annat \u00e4n peppning och k\u00e4nslom\u00e4ssigt engagemang. S\u00e5na beslut har en en lugn och stabil karakt\u00e4r och kommer inifr\u00e5n.<br \/>\n<span style=\"color: #ffffff;\">a<\/span><\/li>\n<li>Ett k\u00e4nnetecken \u00e4r att det g\u00e5r att visualisera hur man skulle g\u00f6ra f\u00f6r att n\u00e5 m\u00e5let, inte bara att man ser m\u00e5let framf\u00f6r sig.<br \/>\n<span style=\"color: #ffffff;\">a<\/span><\/li>\n<li>Det \u00e4r bra med ett m\u00e5l, men m\u00e5let kan lika g\u00e4rna vara en inriktning eller en m\u00e5lbild d\u00e4r detaljerna f\u00e5r v\u00e4xa fram efter han<br \/>\n<span style=\"color: #ffffff;\">a<\/span><\/li>\n<li>Beslutsfattande \u00e4r praktik &#8211; just do it!<\/li>\n<\/ul>\n<p>&nbsp;<\/p>\n<p>Not.<br \/>\n<em>(1) Det finns forskningomr\u00e5desom som <a href=\"https:\/\/sv.wikipedia.org\/wiki\/Beslutsteori\" target=\"_blank\" rel=\"noopener\">beslutsteori<\/a> (<a href=\"https:\/\/en.wikipedia.org\/wiki\/Decision_theory\" target=\"_blank\" rel=\"noopener\">decision theory<\/a>) och det finns det psyklogiska studiet av beslutsfattande <a href=\"https:\/\/en.wikipedia.org\/wiki\/Decision-making\" target=\"_blank\" rel=\"noopener\">decision-making<\/a>. De teorier som \u00e4r aktuella d\u00e4r \u00e4r inriktade p\u00e5 andra fr\u00e5gor \u00e4n de som diskuteras i den h\u00e4r texten.\u00a0<\/em><\/p>\n","protected":false},"excerpt":{"rendered":"<p>Det f\u00f6rsta steget f\u00f6r att s\u00e4tta ig\u00e5ng en sj\u00e4lvvald\u00a0 f\u00f6r\u00e4ndring \u00e4r att best\u00e4mma sig f\u00f6r det &#8211; att fatta ett beslut (1). Om det \u00e4r n\u00e5got kr\u00e4vande man ska g\u00f6ra s\u00e5 t\u00e4nker man sig l\u00e4tt att det kr\u00e4vs ett kraftfullt<\/p>\n","protected":false},"author":1,"featured_media":0,"parent":1509,"menu_order":0,"comment_status":"closed","ping_status":"closed","template":"","meta":{"nf_dc_page":"","om_disable_all_campaigns":false,"footnotes":""},"class_list":["post-795","page","type-page","status-publish","hentry"],"jetpack_sharing_enabled":true,"_links":{"self":[{"href":"https:\/\/abrams.nu\/halsa\/wp-json\/wp\/v2\/pages\/795","targetHints":{"allow":["GET"]}}],"collection":[{"href":"https:\/\/abrams.nu\/halsa\/wp-json\/wp\/v2\/pages"}],"about":[{"href":"https:\/\/abrams.nu\/halsa\/wp-json\/wp\/v2\/types\/page"}],"author":[{"embeddable":true,"href":"https:\/\/abrams.nu\/halsa\/wp-json\/wp\/v2\/users\/1"}],"replies":[{"embeddable":true,"href":"https:\/\/abrams.nu\/halsa\/wp-json\/wp\/v2\/comments?post=795"}],"version-history":[{"count":5,"href":"https:\/\/abrams.nu\/halsa\/wp-json\/wp\/v2\/pages\/795\/revisions"}],"predecessor-version":[{"id":1475,"href":"https:\/\/abrams.nu\/halsa\/wp-json\/wp\/v2\/pages\/795\/revisions\/1475"}],"up":[{"embeddable":true,"href":"https:\/\/abrams.nu\/halsa\/wp-json\/wp\/v2\/pages\/1509"}],"wp:attachment":[{"href":"https:\/\/abrams.nu\/halsa\/wp-json\/wp\/v2\/media?parent=795"}],"curies":[{"name":"wp","href":"https:\/\/api.w.org\/{rel}","templated":true}]}}