{"id":1561,"date":"2021-05-10T22:28:02","date_gmt":"2021-05-10T21:28:02","guid":{"rendered":"https:\/\/abrams.nu\/halsa\/?page_id=1561"},"modified":"2021-05-16T09:40:31","modified_gmt":"2021-05-16T08:40:31","slug":"matkoncept-musli-2","status":"publish","type":"page","link":"https:\/\/abrams.nu\/halsa\/laga-mat\/matkoncept-musli-2\/","title":{"rendered":"Matkoncept: M\u00fcsli 2"},"content":{"rendered":"<p><img data-recalc-dims=\"1\" loading=\"lazy\" decoding=\"async\" class=\" wp-image-488 alignleft\" src=\"https:\/\/i0.wp.com\/abrams.nu\/halsa\/wp-content\/uploads\/2021\/02\/152365586_130423672223918_3071533707091728692_n.jpg?resize=436%2C339&#038;ssl=1\" alt=\"\" width=\"436\" height=\"339\" srcset=\"https:\/\/i0.wp.com\/abrams.nu\/halsa\/wp-content\/uploads\/2021\/02\/152365586_130423672223918_3071533707091728692_n.jpg?resize=300%2C233&amp;ssl=1 300w, https:\/\/i0.wp.com\/abrams.nu\/halsa\/wp-content\/uploads\/2021\/02\/152365586_130423672223918_3071533707091728692_n.jpg?resize=1024%2C796&amp;ssl=1 1024w, https:\/\/i0.wp.com\/abrams.nu\/halsa\/wp-content\/uploads\/2021\/02\/152365586_130423672223918_3071533707091728692_n.jpg?resize=768%2C597&amp;ssl=1 768w, https:\/\/i0.wp.com\/abrams.nu\/halsa\/wp-content\/uploads\/2021\/02\/152365586_130423672223918_3071533707091728692_n.jpg?resize=1536%2C1193&amp;ssl=1 1536w, https:\/\/i0.wp.com\/abrams.nu\/halsa\/wp-content\/uploads\/2021\/02\/152365586_130423672223918_3071533707091728692_n.jpg?w=2048&amp;ssl=1 2048w\" sizes=\"auto, (max-width: 436px) 100vw, 436px\" \/>I den f\u00f6rsta delen av den h\u00e4r texten skrev jag om m\u00fcsliingredienser vid viktnedg\u00e5ng. Men vad ska man l\u00e4gga blandingen p\u00e5? I konceptet m\u00fcsli ing\u00e5r b\u00e5de n\u00e5got bl\u00f6tt och n\u00e5got s\u00f6tt att \u00e4ta tillsammans med sj\u00e4lva fling- och fr\u00f6blandningen.<\/p>\n<h3>F\u00e4rsk frukt<\/h3>\n<p>F\u00e4rsk frukt \u00e4r ett mycket b\u00e4ttre alternativ \u00e4n torkad. Det \u00e4r den frukt du antagligen redan \u00e4ter, fast i bitar. Den f\u00e4rska frukten \u00e4r fruktsocker som s\u00f6tar, vatten som ger volym och den levereras i en\u00a0 i en struktur av fibrer som m\u00e4ttar och som ger magen arbete. Dessutom inneh\u00e5ller f\u00e4rsk frukt en stor m\u00e4ngd mikro\u00e4rings\u00e4mnen. Vilken frukt du \u00e4n anv\u00e4nder s\u00e5 \u00e4r det en bra id\u00e9 att det \u00e4r mogna exemplar eftersom de \u00e4r s\u00f6tare. Det g\u00f6r ingen st\u00f6rre skillnad som helhet &#8211; \u00e4ter du m\u00fcsli s\u00e5 \u00e4r energiinneh\u00e5llet \u00e4nd\u00e5 ganska h\u00f6gt. Po\u00e4ngen \u00e4r i st\u00e4llet att energin kommer fr\u00e5n bra k\u00e4llor och att fetthalten \u00e4r l\u00e5g.<\/p>\n<h3>Sylt<\/h3>\n<p>Sylt eller mos av frukt och b\u00e4r funkar alldeles utm\u00e4rkt tillsammans med m\u00fcsli. Men du beh\u00f6ver f\u00f6rmodligen g\u00f6ra din egen sylt eller ditt eget mos. Butiksvarianterna inneh\u00e5ller inte s\u00e4rskilt stor andel r\u00e5vara &#8211; d\u00e4remot massor med vitt socker. G\u00f6r du din egen sylt eller mos s\u00e5 inneh\u00e5ller den n\u00e4ra 100 procent b\u00e4r eller frukt och du vet hur du s\u00f6tat den.<\/p>\n<p>Den enda g\u00e5ng jag anv\u00e4nder s\u00f6tningsmedel, och d\u00e5 i liten m\u00e4ngd, \u00e4r n\u00e4r jag g\u00f6r sylt eller mos sj\u00e4lv. Om du inte plockade b\u00e4r eller frukt i h\u00f6stas s\u00e5 g\u00e5r det utm\u00e4rkt att k\u00f6pa djupfrysta <a href=\"https:\/\/www.willys.se\/produkt\/Hallon-Frysta-101302037_ST\" target=\"_blank\" rel=\"noopener\">hallon<\/a>, <a href=\"https:\/\/www.willys.se\/produkt\/Blabar-Frysta-101244615_ST\" target=\"_blank\" rel=\"noopener\">bl\u00e5b\u00e4r<\/a> eller <a href=\"https:\/\/www.willys.se\/produkt\/Jordgubbar-101244243_ST\" target=\"_blank\" rel=\"noopener\">jordgubbar<\/a> i storpack till bra pris. Frysta jordgubbar kostar mindre \u00e4n 20 kg f\u00f6r en liter (klicka p\u00e5 l\u00e4nken). Sen \u00e4r det bara att g\u00f6ra en r\u00e5r\u00f6rd blandning eller koka upp med lite s\u00f6tning.<\/p>\n<p>Jag tillbringade m\u00e5nga sk\u00f6na timmar i skogen i h\u00f6stas och fick i hop upp\u00e5t 40 liter bl\u00e5b\u00e4r och en hel del lingon. Bl\u00e5b\u00e4r \u00e4r inte sv\u00e5rt att hitta s\u00e5vida man inte bor p\u00e5 kalfj\u00e4llet eller i s\u00f6dra Sk\u00e5ne. Men runt storst\u00e4derna \u00e4r det f\u00f6rst\u00e5s konkurrens om dem.\u00a0 \u00c4ppeltr\u00e4den p\u00e5 g\u00e5rden sk\u00f6rdade jag n\u00e4stan all frukt i fr\u00e5n, det blev ett antal stora hinkar med, transparente blanche, kanel\u00e4pplen och Ingrid Marie (tror jag att det \u00e4r).<br \/>\nMen har man inte egna frukttr\u00e4d s\u00e5 finns det andra som har. Utanf\u00f6r ett hus med en liten kullagerbutik i n\u00e4rheten st\u00e5r det ett gigantiskt p\u00e4rontr\u00e4d med r\u00f6da anjou som ingen brukar sk\u00f6rda. Jag gick in och fr\u00e5gade \u00e4garen om det g\u00e5r bra att plocka. Det gjorde det. Jag fick ihop upp\u00e5t 30 kg p\u00e4ron av b\u00e4sta sort. \u00c4garen fick f\u00f6rst\u00e5s n\u00e5gra stora burkar av det sen n\u00e4r det var klart, s\u00e5 jag \u00e4r s\u00e4kert v\u00e4lkommen i h\u00f6st ocks\u00e5. S\u00e5 bl\u00e5b\u00e4rssylt, p\u00e4ronmos och \u00e4ppelmos beh\u00f6ver jag inte k\u00f6pa innan det finns mer att h\u00e4mta i skogen och p\u00e5 tr\u00e4den.<\/p>\n<p>Frukttr\u00e4d g\u00e5r ocks\u00e5 att hitta i st\u00e4der. I G\u00f6teborg,, t ex s\u00e5 <a href=\"https:\/\/goteborg.se\/wps\/portal\/start\/kultur-och-fritid\/fritid-och-natur\/parker-lekplatser\/parker--planteringar\/fruktlundar\/hitta-fruktlundar\/!ut\/p\/z1\/hZFPa4NAEMU_Sw5eetgZVzTb3pSCECihbaRxL0VlslnwH-s2knz6rlJaWpo4t3nzfjPwBiTsQbbFSavC6q4tatfnMnrPfHwWiR8j-iliHGXpJgqfME1CeFsySDfGKxXjF_9XTl54EiCmWz7zi_dvHFjgc8evrxrWEbyCBDmQOemK7LknyO8m5aBrS-ZRG6qmqNyeb3FrVNHqYY5wNxM_s9hQ4foNSF02bKwahswXgUCMBL8PORcC-ZR63JaBUCANHciQYR_GPeNobT88eOjhOI5MdZ2qiVVd4-F_yLEbLOx_O6Fvsmx_2VF5oVKcg1rFq9UnQ9QL7Q!!\/dz\/d5\/L2dBISEvZ0FBIS9nQSEh\/\" target=\"_blank\" rel=\"noopener\">listar kommunen platser<\/a> d\u00e4r allm\u00e4nheten \u00e4r v\u00e4lkommen att sk\u00f6rda frukt. \u00c4ter man egen sylt eller mos som inneh\u00e5ller n\u00e4ra 100 procent frukt s\u00e5 f\u00e5r den f\u00f6rst\u00e5s samma energiinneh\u00e5ll som om man \u00e4ter f\u00e4rska b\u00e4r eller frukt.<\/p>\n<h3>Mj\u00f6lk<\/h3>\n<p>Som bas i sk\u00e5len brukar man ha n\u00e5gon mj\u00f6lkprodukt. Men om vi pratar viktnedg\u00e5ng och viktstabilitet s\u00e5 finns det en del att t\u00e4nka till om. Vi tar det i tur och ordning.<\/p>\n<p><img data-recalc-dims=\"1\" loading=\"lazy\" decoding=\"async\" class=\"size-medium wp-image-1582 alignleft\" src=\"https:\/\/i0.wp.com\/abrams.nu\/halsa\/wp-content\/uploads\/2021\/05\/Mandel-iKaffe.png?resize=300%2C280&#038;ssl=1\" alt=\"\" width=\"300\" height=\"280\" srcset=\"https:\/\/i0.wp.com\/abrams.nu\/halsa\/wp-content\/uploads\/2021\/05\/Mandel-iKaffe.png?resize=300%2C280&amp;ssl=1 300w, https:\/\/i0.wp.com\/abrams.nu\/halsa\/wp-content\/uploads\/2021\/05\/Mandel-iKaffe.png?w=597&amp;ssl=1 597w\" sizes=\"auto, (max-width: 300px) 100vw, 300px\" \/>Mj\u00f6lk har jag skrivit om tidigare, l\u00e4s g\u00e4rna texten <a href=\"https:\/\/abrams.nu\/halsa\/min-start\/3-forsta-veckans-floppar\/\" target=\"_blank\" rel=\"noopener\">Kalorir\u00e4kning &#8211; f\u00f6rsta veckans floppar.<\/a> Det \u00e4r inget fel p\u00e5 mj\u00f6lk. Men det \u00e4r avsett att f\u00e5 en kalv att \u00f6ka i vikt med 25 kg per m\u00e5nad och har ett energiinneh\u00e5ll som tj\u00e4nar det syftet v\u00e4ldigt v\u00e4l. Det finns en stor andel laktos (mj\u00f6lksocker) i alla varianter av mj\u00f6lk. Det g\u00f6r att l\u00e4ttmj\u00f6lk och inneh\u00e5ller omkring 40 kcal\/100 g och skummj\u00f6lk n\u00e4stan lika mycket, allts\u00e5 400 kcal per liter. Standardmj\u00f6lk inneh\u00e5ller ytterligare 50 procent mer energi. Det blir snabbt energirikt eftersom flytande mat \u00e4r l\u00e4tt att f\u00e5 i sig stora m\u00e4ngder av.<\/p>\n<p>L\u00f6sningen p\u00e5 detta \u00e4r dock enkel: I n\u00e4stan alla butiker finns det b\u00e5de <a href=\"https:\/\/www.alpro.com\/se\/produkter\/drycker\/mandeldrycker\/rostad-mandeldryck-utan-socker-f%C3%A4rsk\/\" target=\"_blank\" rel=\"noopener\">mandel<\/a>&#8211; och <a href=\"https:\/\/www.alpro.com\/se\/produkter\/drycker\/kokosnotsdrycker\/kokosdryck-utan-socker\/\" target=\"_blank\" rel=\"noopener\">kokosmj\u00f6lk<\/a> utan tillsatt socker som inte inneh\u00e5ller mer \u00e4n 13-14 kcal per 100 g. Det \u00e4r mj\u00f6lk i bem\u00e4rkelsen v\u00e4xtsaft, eller v\u00e4xtmj\u00f6lk, och syftar p\u00e5 den ljusa, tjockare v\u00e4xtsaft som vissa v\u00e4xter har i sig, s\u00e5 helt fel \u00e4r ju inte ordet. \u00c4r man van vid mj\u00f6lksockret i vanlig mj\u00f6lk s\u00e5 kan mandelmj\u00f6lk k\u00e4nnas lite tunn till en b\u00f6rjan, men det \u00e4r en skillnad man v\u00e4njer sig vid ganska snart. Och f\u00f6rdelen \u00e4r ju uppenbar; om man s\u00e5 g\u00f6r slut p\u00e5 en hel liter s\u00e5 \u00e4r det inte mer \u00e4n 130 kcal man f\u00e5r i sig.<\/p>\n<h3>iKaffe<\/h3>\n<p>Det finns dessutom en v\u00e4ldigt trevlig l\u00f6sning, om man saknar mj\u00f6lksockret; den produkt som heter <a href=\"https:\/\/www.apohem.se\/mat-dryck\/drycker\/vaxtbaserad-dryck\/oatly-ikaffe-1-liter?gclid=CjwKCAjw1uiEBhBzEiwAO9B_HX81CHrWmxCg2acOX1gVtzwzzPpvdhUEtQthTH8ggCdkuPRcwB7VNBoCr3cQAvD_BwE\" target=\"_blank\" rel=\"noopener\">iKaffe<\/a>. Det \u00e4r en en f\u00f6rv\u00e5nansv\u00e4rd produkt som har den egenskapen att den smakar v\u00e4ldigt &#8220;gr\u00e4ddigt&#8221; &#8211; dricker man den som \u00e4r i ett glas kanske man tycker att den \u00e4r f\u00f6r s\u00e4rpr\u00e4glad. men tillsatt i liten m\u00e4ngd g\u00f6r den underverk med mager mandelmj\u00f6lk och magra varianter av fil, youghurt eller soygurt. Om du inte provat den s\u00e5 \u00e4r det en stark rekommendation att g\u00f6ra det. (Nej, jag \u00e4r inge sponsrad.) Testa, det \u00e4r det enda jag kan s\u00e4ga. Jag har tipsat en hel del personer om detta. Till en b\u00f6rjan har de varit skeptiska men efter n\u00e5gra g\u00e5nger har det blivit en sj\u00e4lvklar sak att ha i kylen. Man sl\u00e5r allts\u00e5 upp ett par dl mandelmj\u00f6lk p\u00e5 tallriken och har i en liten skv\u00e4tt iKaffe, s\u00e4g tv\u00e5 matskedar, mer beh\u00f6vs inte. Resultatet blir n\u00e5got som k\u00e4nns lika smaskigt som fullfet mj\u00f6lk men som \u00e4nd\u00e5 ligger under 20 kcal\/100 g.<\/p>\n<h3>Yoghurt och soygurt<\/h3>\n<p>N\u00e4r det g\u00e4ller fil och yoghurt finns det andra sk\u00e4l att unders\u00f6ka v\u00e4xtbaserade alternativ. Vanlig fil och naturell yoghurt har r\u00e4tt mycket syrlighet. Det g\u00f6r att det kr\u00e4vs en hel del av b\u00e5de s\u00f6tning och fetthalt f\u00f6r att f\u00e5 det att smaka riktigt gott. Syran motverkar n\u00e4mligen s\u00e5na smakeffekter. Visst g\u00e5r det att f\u00e5 det att bli smaskigt som en dessert, men d\u00e5 f\u00e5r man sockra rej\u00e4lt och kanske anv\u00e4nda gr\u00e4dde. Soygurt \u00e4r betydligt l\u00e4ttare att g\u00f6ra riktigt god, det beh\u00f6vs inte alls lika mycket s\u00f6tning eller fetthalt f\u00f6r att det ska smaka som att det \u00e4r det. S\u00e4rskilt inte om man tills\u00e4tter en liten skv\u00e4tt iKaffe. Det \u00e4r n\u00e5got man beh\u00f6ver testa och se vad man tycker om. Testa betyder i matsammanhang att man g\u00f6r det n\u00e5gra g\u00e5nger och ger sig sj\u00e4lv en chans att v\u00e4nja sig med det som \u00e4r lite nytt i smaken.<\/p>\n<p>Det funkar naturligvis bra att anv\u00e4nda vanlig fil eller youghurt och att pr\u00f6va att tills\u00e4tta lite iKaffe, men de verkliga skillnaden kommer med en yoghurtvariant som inte \u00e4r s\u00e5 syrlig. Kefir, som i f\u00f6rsta hand har en j\u00e4stton, eller A-fil borde annars passa, om man absolut vill att det vara gjort p\u00e5 komj\u00f6lk. Den tydligaste desserteffekten f\u00e5r man dock av soygurt. Soygurt finns av tv\u00e5 stora m\u00e4rken, Planti och Alpro. Den f\u00f6rsta \u00e4r n\u00e5got fetare och smakneutral, tycker de flesta. Den senare har samma energiinneh\u00e5ll som l\u00e4ttmj\u00f6lk men smakar lite annorlunda \u00e4n man \u00e4r van vid, n\u00e5got som dock f\u00f6rsvinner helt n\u00e4r det \u00e4ts tillsammans med annat.<\/p>\n<p>Det b\u00e4sta tips jag kan ge \u00e4r att testa mandelmj\u00f6lk eller soygurt tillsammans med lite iKaffe, frukt eller egen sylt och egenkomponerad ugnsrostad m\u00fcsli. Det blir n\u00e5got som mest liknar en efterr\u00e4tt &#8211; med l\u00e5gt energiinneh\u00e5ll. F\u00f6rv\u00e5nansv\u00e4rt bra och v\u00e4rt att testa.<\/p>\n<p><strong>Till slut:<\/strong> Om man har utrymme f\u00f6r den energi som finns i spannm\u00e5l medan man g\u00e5r ner i vikt \u00e4r en fr\u00e5ga om hur dagskalkylen som helhet ser ut. Prioriterar man att \u00e4ta en del ris och pasta s\u00e5 kommer man ganska snart upp den m\u00e4ngd man b\u00f6r f\u00e5 i sig p\u00e5 en dag. Sj\u00e4lv avst\u00e5r jag n\u00e4stan helt fr\u00e5n det, s\u00e5 det finns ett visst utrymme f\u00f6r l\u00e5ngsamma fullkornskolhydrater i st\u00e4llet. Och \u00e4r man i en period d\u00e5 man strikt h\u00e5ller sig till 800 kcal per dag s\u00e5 finns det varken plats f\u00f6r pasta eller m\u00fcsli. Men om det \u00e4r en l\u00e5ngsammare nedg\u00e5ng man satsar p\u00e5 s\u00e5 \u00e4r det ett alternativ. G\u00f6r man r\u00e4tt s\u00e5 kan man uppt\u00e4cka att det smakar som en dessert samtidigt som det har ett bra inneh\u00e5ll.<\/p>\n<p>&nbsp;<\/p>\n<p>&nbsp;<\/p>\n","protected":false},"excerpt":{"rendered":"<p>I den f\u00f6rsta delen av den h\u00e4r texten skrev jag om m\u00fcsliingredienser vid viktnedg\u00e5ng. Men vad ska man l\u00e4gga blandingen p\u00e5? I konceptet m\u00fcsli ing\u00e5r b\u00e5de n\u00e5got bl\u00f6tt och n\u00e5got s\u00f6tt att \u00e4ta tillsammans med sj\u00e4lva fling- och fr\u00f6blandningen. F\u00e4rsk<\/p>\n","protected":false},"author":1,"featured_media":0,"parent":1498,"menu_order":0,"comment_status":"closed","ping_status":"closed","template":"","meta":{"nf_dc_page":"","om_disable_all_campaigns":false,"footnotes":""},"class_list":["post-1561","page","type-page","status-publish","hentry"],"jetpack_sharing_enabled":true,"_links":{"self":[{"href":"https:\/\/abrams.nu\/halsa\/wp-json\/wp\/v2\/pages\/1561","targetHints":{"allow":["GET"]}}],"collection":[{"href":"https:\/\/abrams.nu\/halsa\/wp-json\/wp\/v2\/pages"}],"about":[{"href":"https:\/\/abrams.nu\/halsa\/wp-json\/wp\/v2\/types\/page"}],"author":[{"embeddable":true,"href":"https:\/\/abrams.nu\/halsa\/wp-json\/wp\/v2\/users\/1"}],"replies":[{"embeddable":true,"href":"https:\/\/abrams.nu\/halsa\/wp-json\/wp\/v2\/comments?post=1561"}],"version-history":[{"count":5,"href":"https:\/\/abrams.nu\/halsa\/wp-json\/wp\/v2\/pages\/1561\/revisions"}],"predecessor-version":[{"id":1585,"href":"https:\/\/abrams.nu\/halsa\/wp-json\/wp\/v2\/pages\/1561\/revisions\/1585"}],"up":[{"embeddable":true,"href":"https:\/\/abrams.nu\/halsa\/wp-json\/wp\/v2\/pages\/1498"}],"wp:attachment":[{"href":"https:\/\/abrams.nu\/halsa\/wp-json\/wp\/v2\/media?parent=1561"}],"curies":[{"name":"wp","href":"https:\/\/api.w.org\/{rel}","templated":true}]}}